en 1447 is divided by 68.
19
Calculate the remainder when 241 is divided by 67.
40
Calculate the remainder when 5717 is divided by 66.
41
Calculate the remainder when 206 is divided by 14.
10
Calculate the remainder when 59 is divided by 7.
3
Calculate the remainder when 5278 is divided by 12.
10
Calculate the remainder when 661 is divided by 96.
85
What is the remainder when 969 is divided by 5?
4
What is the remainder when 525 is divided by 206?
113
Calculate the remainder when 669 is divided by 4.
1
What is the remainder when 240 is divided by 51?
36
Calculate the remainder when 1799 is divided by 124.
63
Calculate the remainder when 372 is divided by 79.
56
What is the remainder when 1377 is divided by 69?
66
Calculate the remainder when 4047 is divided by 135.
132
What is the remainder when 949 is divided by 5?
4
Calculate the remainder when 730 is divided by 678.
52
Calculate the remainder when 971 is divided by 137.
12
Calculate the remainder when 3999 is divided by 23.
20
What is the remainder when 3972 is divided by 284?
280
Calculate the remainder when 107 is divided by 27.
26
What is the remainder when 15570 is divided by 7780?
10
Calculate the remainder when 8403 is divided by 191.
190
What is the remainder when 174 is divided by 36?
30
Calculate the remainder when 140 is divided by 18.
14
Calculate the remainder when 19438 is divided by 108.
106
What is the remainder when 501 is divided by 25?
1
What is the remainder when 403 is divided by 86?
59
What is the remainder when 390 is divided by 2?
0
What is the remainder when 123 is divided by 42?
39
Calculate the remainder when 54 is divided by 4.
2
What is the remainder when 101 is divided by 30?
11
Calculate the remainder when 124 is divided by 37.
13
What is the remainder when 16943 is divided by 37?
34
What is the remainder when 865 is divided by 70?
25
What is the remainder when 13 is divided by 4?
1
Calculate the remainder when 373 is divided by 95.
88
Calculate the remainder when 531 is divided by 28.
27
What is the remainder when 136 is divided by 46?
44
What is the remainder when 18 is divided by 17?
1
What is the remainder when 114 is divided by 13?
10
What is the remainder when 375 is divided by 18?
15
Calculate the remainder when 94 is divided by 15.
4
What is the remainder when 4136 is divided by 345?
341
What is the remainder when 430 is divided by 44?
34
What is the remainder when 581 is divided by 119?
105
Calculate the remainder when 406 is divided by 133.
7
What is the remainder when 241 is divided by 98?
45
What is the remainder when 1273 is divided by 51?
49
What is the remainder when 1194 is divided by 63?
60
What is the remainder when 10109 is divided by 16?
13
Calculate the remainder when 563 is divided by 132.
35
Calculate the remainder when 102 is divided by 5.
2
Calculate the remainder when 1749 is divided by 42.
27
Calculate the remainder when 1106 is divided by 41.
40
Calculate the remainder when 588 is divided by 25.
13
Calculate the remainder when 263 is divided by 50.
13
Calculate the remainder when 748 is divided by 10.
8
What is the remainder when 9537 is divided by 20?
17
Calculate the remainder when 1579 is divided by 93.
91
Calculate the remainder when 5 is divided by 4.
1
What is the remainder when 16 is divided by 3?
1
What is the remainder when 63 is divided by 8?
7
What is the remainder when 468 is divided by 30?
18
Calculate the remainder when 11129 is divided by 92.
89
Calculate the remainder when 1278 is divided by 61.
58
Calculate the remainder when 485 is divided by 27.
26
What is the remainder when 1056 is divided by 528?
0
What is the remainder when 910 is divided by 24?
22
Calculate the remainder when 559 is divided by 14.
13
Calculate the remainder when 723 is divided by 104.
99
Calculate the remainder when 28 is divided by 8.
4
Calculate the remainder when 777 is divided by 107.
28
What is the remainder when 218 is divided by 44?
42
Calculate the remainder when 1093 is divided by 508.
77
Calculate the remainder when 443 is divided by 232.
211
Calculate the remainder when 56 is divided by 42.
14
What is the remainder when 5812 is divided by 56?
44
Calculate the remainder when 436 is divided by 218.
0
What is the remainder when 57 is divided by 52?
5
What is the remainder when 120 is divided by 70?
50
Calculate the remainder when 325 is divided by 68.
53
Calculate the remainder when 207 is divided by 105.
102
Calculate the remainder when 56 is divided by 35.
21
Calculate the remainder when 492 is divided by 72.
60
Calculate the remainder when 982 is divided by 198.
190
Calculate the remainder when 130 is divided by 45.
40
What is the remainder when 115 is divided by 13?
11
Calculate the remainder when 180 is divided by 63.
54
What is the remainder when 78 is divided by 27?
24
Calculate the remainder when 56 is divided by 39.
17
What is the remainder when 7336 is divided by 23?
22
Calculate the remainder when 2159 is divided by 18.
17
What is the remainder when 38 is divided by 37?
1
What is the remainder when 243 is divided by 49?
47
What is the remainder when 4025 is divided by 12?
5
What is the remainder when 248 is divided by 10?
8
Calculate the remainder when 527 is divided by 136.
119
What is the remainder when 249 is divided by 25?
24
What is the remainder when 80 is divided by 12?
8
What is the remainder when 152 is divided by 50?
2
What is the remainder when 1469 is divided by 35?
34
Calculate the remainder when 293 is divided by 31.
14
Calculate the remainder when 229 is divided by 39.
34
Calculate the remainder when 7544 is divided by 2510.
14
What is the remainder when 289 is divided by 75?
64
What is the remainder when 1619 is divided by 207?
170
Calculate the remainder when 88 is divided by 20.
8
Calculate the remainder when 1053 is divided by 31.
30
What is the remainder when 2623 is divided by 164?
163
What is the remainder when 73 is divided by 11?
7
What is the remainder when 6142 is divided by 64?
62
What is the remainder when 384 is divided by 314?
70
Calculate the remainder when 200 is divided by 96.
8
What is the remainder when 342 is divided by 49?
48
What is the remainder when 544 is divided by 26?
24
What is the remainder when 1070 is divided by 16?
14
What is the remainder when 689 is divided by 118?
99
Calculate the remainder when 228 is divided by 33.
30
What is the remainder when 182 is divided by 28?
14
Calculate the remainder when 2141 is divided by 143.
139
Calculate the remainder when 6979 is divided by 1742.
11
What is the remainder when 352 is divided by 50?
2
Calculate the remainder when 1601 is divided by 793.
15
Calculate the remainder when 74 is divided by 30.
14
What is the remainder when 864 is divided by 849?
15
Calculate the remainder when 9176 is divided by 135.
131
Calculate the remainder when 890 is divided by 208.
58
Calculate the remainder when 209 is divided by 56.
41
Calculate the remainder when 130 is divided by 59.
12
What is the remainder when 285 is divided by 76?
57
What is the remainder when 86 is divided by 80?
6
Calculate the remainder when 324 is divided by 105.
9
Calculate the remainder when 710 is divided by 51.
47
What is the remainder when 235 is divided by 31?
18
What is the remainder when 319 is divided by 83?
70
What is the remainder when 6412 is divided by 31?
26
What is the remainder when 46 is divided by 24?
22
Calculate the remainder when 139 is divided by 42.
13
Calculate the remainder when 392 is divided by 101.
89
What is the remainder when 2841 is divided by 257?
14
What is the remainder when 781 is divided by 48?
13
Calculate the remainder when 896 is divided by 43.
36
What is the remainder when 721 is divided by 192?
145
Calculate the remainder when 874 is divided by 422.
30
Calculate the remainder when 125 is divided by 49.
27
What is the remainder when 294 is divided by 75?
69
What is the remainder when 1296 is divided by 65?
61
What is the remainder when 3668 is divided by 1825?
18
Calculate the remainder when 34 is divided by 11.
1
Calculate the remainder when 91 is divided by 40.
11
What is the remainder when 2549 is divided by 30?
29
What is the remainder when 225 is divided by 58?
51
Calculate the remainder when 506 is divided by 30.
26
What is the re